5 divide 79772223?
False
Is 6004 a factor of 77883888?
True
Does 9 divide 5552910?
True
Is 10322 a factor of 1935942710?
True
Does 2210 divide 4667536?
False
Does 26 divide 108771572?
True
Is 33 a factor of 785571138?
True
Is 200 a factor of 265147325?
False
Does 7494 divide 433121406?
False
Is 50917513 a multiple of 3?
False
Is 11095384 a multiple of 4?
True
Is 75 a factor of 2175616725?
True
Does 50 divide 41115559?
False
Is 59 a factor of 1433725?
False
Is 1493447688 a multiple of 201?
True
Does 119 divide 6868799?
True
Does 172 divide 83365984?
False
Is 6 a factor of 992165004?
True
Is 10 a factor of 553473804?
False
Is 3196 a factor of 173446920?
True
Is 9214957 a multiple of 27?
False
Is 33841476 a multiple of 1402?
True
Is 1086620904 a multiple of 9?
True
Does 17 divide 1449967132?
False
Is 21454257 a multiple of 813?
True
Does 3 divide 241704387?
True
Does 166 divide 3824614768?
True
Does 620 divide 11001280?
True
Is 25 a factor of 4840779409?
False
Does 81 divide 101113029?
True
Is 5 a factor of 2353770?
True
Is 1132 a factor of 38319332?
True
Is 7 a factor of 852304007?
False
Is 1013 a factor of 1790907963?
False
Is 150 a factor of 153636146?
False
Is 56 a factor of 44303220?
False
Does 9 divide 581245239?
False
Is 223578241 a multiple of 123?
False
Does 1015 divide 52053260?
True
Is 1020 a factor of 281084460?
True
Is 30 a factor of 100070594?
False
Is 494 a factor of 33205692?
True
Is 5 a factor of 16441988?
False
Is 444562296 a multiple of 852?
False
Does 6146 divide 2179574418?
True
Is 17 a factor of 495036322?
False
Is 5 a factor of 186832894?
False
Does 100 divide 1948300?
True
Is 507766188 a multiple of 86?
True
Is 571961648 a multiple of 16?
True
Is 61552392 a multiple of 2568?
True
Is 89 a factor of 277131760?
True
Is 1073422279 a multiple of 3767?
False
Is 285 a factor of 579827492?
False
Is 2738 a factor of 2850450360?
False
Is 15 a factor of 2842569720?
True
Is 328327285 a multiple of 5?
True
Does 15 divide 16045185?
True
Is 66228509 a multiple of 123?
False
Is 14809447 a multiple of 2?
False
Is 55 a factor of 729854793?
False
Is 8 a factor of 8798261?
False
Is 171630748 a multiple of 223?
False
Is 12 a factor of 358268511?
False
Is 14 a factor of 86351174?
True
Does 177 divide 4300591?
False
Is 610554649 a multiple of 518?
False
Does 713 divide 2145456928?
True
Does 41 divide 62759561?
True
Is 13 a factor of 57030348?
False
Does 3 divide 268074784?
False
Is 23 a factor of 9380673?
False
Does 424 divide 6034942?
False
Does 297 divide 300089988?
True
Does 61 divide 202680127?
False
Does 70 divide 51272130?
True
Is 3199808851 a multiple of 31?
False
Does 140 divide 598500?
True
Is 9851 a factor of 1675428527?
True
Is 25714707 a multiple of 733?
False
Is 297007564 a multiple of 426?
False
Does 26 divide 135692213?
False
Does 120 divide 135010560?
True
Is 851428375 a multiple of 5681?
False
Does 1887 divide 26112306?
True
Is 3899 a factor of 1395506686?
True
Is 16771590 a multiple of 22?
True
Is 17 a factor of 573064443?
False
Does 16 divide 122561200?
True
Is 124 a factor of 739951644?
False
Is 9123564 a multiple of 4?
True
Is 286533423 a multiple of 109?
True
Is 983331500 a multiple of 13?
False
Does 25 divide 77288303?
False
Does 148 divide 2704848?
True
Is 41026066 a multiple of 376?
False
Is 15 a factor of 73373218?
False
Is 83 a factor of 289112240?
True
Is 152 a factor of 1547406816?
True
Is 55 a factor of 22751150?
False
Is 1285176136 a multiple of 680?
False
Does 346 divide 229400566?
False
Is 61856580 a multiple of 249?
True
Is 74692692 a multiple of 857?
True
Does 57 divide 223971993?
False
Does 3748 divide 545360236?
True
Is 1325387378 a multiple of 1462?
False
Is 9562 a factor of 491612360?
False
Does 31 divide 53425446?
False
Is 1732 a factor of 12732571?
False
Is 16 a factor of 19624688?
True
Does 164 divide 36957497?
False
Is 40442761 a multiple of 6?
False
Is 219 a factor of 612209901?
True
Does 1729 divide 612616772?
False
Does 858 divide 775372737?
False
Does 12 divide 305946357?
False
Is 974 a factor of 1741629974?
False
Is 4439204 a multiple of 2?
True
Does 531 divide 394755489?
True
Is 164 a factor of 93438672?
True
Is 527596263 a multiple of 34?
False
Is 38775871 a multiple of 29?
True
Does 50 divide 52211640?
False
Is 293 a factor of 231367157?
True
Is 564091879 a multiple of 2978?
False
Is 68 a factor of 2318077874?
False
Does 1692 divide 15530868?
True
Does 23 divide 8318778?
True
Is 1615879949 a multiple of 12?
False
Is 3281843906 a multiple of 48?
False
Does 48 divide 2009232?
True
Is 30 a factor of 3581728379?
False
Is 143327472 a multiple of 123?
True
Does 25 divide 2993846?
False
Is 405498965 a multiple of 533?
False
Is 164871717 a multiple of 5?
False
Is 46794547 a multiple of 22?
False
Is 743862560 a multiple of 20?
True
Does 177 divide 1382563905?
False
Is 1592093434 a multiple of 6?
False
Is 644443 a multiple of 14?
False
Is 462538270 a multiple of 8?
False
Does 159 divide 120596491?
False
Does 25 divide 32644258?
False
Does 235 divide 538853120?
True
Is 903 a factor of 26558133?
True
Is 705 a factor of 11268015?
True
Is 958937499 a multiple of 13?
True
Does 11796 divide 2311768284?
True
Does 68 divide 17596496?
True
Is 7 a factor of 254769924?
False
Is 59 a factor of 7309569?
True
Is 47843601 a multiple of 66?
False
Is 4 a factor of 5632506?
False
Is 91 a factor of 566266110?
False
Does 168 divide 27833575?
False
Does 23 divide 298925223?
False
Is 4 a factor of 275134380?
True
Is 760922340 a multiple of 10?
True
Is 993 a factor of 21321074?
False
Is 1657 a factor of 1239988651?
False
Does 11 divide 24527545?
False
Does 1594 divide 299043964?
True
Is 6 a factor of 73605768?
True
Is 259552228 a multiple of 89?
False
Is 199295467 a multiple of 169?
False
Is 1747 a factor of 36327118?
True
Is 7895600 a multiple of 400?
True
Is 30 a factor of 34026090?
True
Is 1108 a factor of 10513999?
False
Is 6176724 a multiple of 941?
True
Is 4510590 a multiple of 658?
True
Is 209 a factor of 4438040?
False
Does 971 divide 745604683?
True
Is 2845 a factor of 1002265050?
True
Does 31 divide 708557434?
False
Is 24 a factor of 4007425968?
True
Is 323665170 a multiple of 1590?
True
Is 1054 a factor of 146931816?
True
Is 215702966 a multiple of 159?
False
Is 1729 a factor of 369321027?
False
Is 4013952 a multiple of 16?
True
Does 214 divide 518417064?
False
Is 109751480 a multiple of 91?
False
Is 134098051 a multiple of 8?
False
Is 70143714 a multiple of 97?
False
Is 1492728138 a multiple of 268?
False
Is 1523566362 a multiple of 11?
False
Is 4672404 a multiple of 114?
True
Is 1043 a factor of 30638595?
False
Is 8195378 a multiple of 314?
False
Is 986 a factor of 902440444?
True
Is 1353 a factor of 127872030?
True
Does 199 divide 55998998?
True
Does 44 divide 4948064?
True
Is 13880 a factor of 194684399?
False
Is 3 a factor of 3210672?
True
Is 1389 a factor of 30695906?
False
Is 122388288 a multiple of 32?
True
Does 22 divide 4453366143?
False
Does 31 divide 295272117?
True
Does 8 divide 800893226?
False
Does 620 divide 21693800?
True
Does 433 divide 299890140?
False
Does 52 divide 1498068?
True
Is 454799 even?
False
Is 734931318 a multiple of 73?
False
Is 58 a factor of 11523038?
False
Does 207 divide 1749730?
False
Is 458397929 a multiple of 11?
True
Does 53 divide 18085620?
False
Is 16 a factor of 4672624272?
True
Is 135 a factor of 1064344261?
False
Is 36407720 a multiple of 236?
True
Is 30375026 a multiple of 79?
True
Does 442 divide 15423638?
False
Is 26 a factor of 36086804?
True
Does 69 divide 122553339?
False
Is 371668845 a multiple of 50?
False
Does 36 divide 7001807?
False
Is 2416582389 a multiple of 102?
False
Is 2 a factor of 1717792?
True
Does 981 divide 2503124505?
True
Is 4 a factor of 1230897?
False
Is 1288630 a multiple of 4?
False
Is 226 a factor of 120314038?
True
Does 208 divide 100668388?
False
Is 1335925905 a multiple of 345?
True
Does 1322 divide 8703838?
False
Does 28 divide 3532509292?
False
Does 1223 divide 3917246986?
True
Is 4071653 a multiple of 409?
False
Does 1772 divide 463774928?
True
Is 147 a factor of 407439?
False
Does 364 divide 1456429527?
False
Is 503 a factor of 768371744?
False
Does 2149 divide 23525996?
False
Does 881 divide 29877305?
False
Is 154 a factor of 803625